31030 (base 4) in base 11?
261524a
What is 294cc9a (base 14) in base 7?
332515153
Convert -1100644 (base 7) to base 3.
-20211212221
25a4d1 (base 14) to base 16
13c707
What is -2230313 (base 4) in base 5?
-323223
Convert -202012424 (base 6) to base 2.
-1101001011010111100000
210021122022 (base 3) to base 9
707568
What is 4437a (base 16) in base 12?
11584a
What is 12db3b (base 14) in base 15?
cd527
Convert 144074 (base 9) to base 8.
254324
Convert -220ac6 (base 13) to base 15.
-10c775
-27c02 (base 13) to base 6
-1333015
-332313230 (base 4) to base 3
-111002020122
9bd6 (base 15) to base 3
1200100010
9aba95 (base 13) to base 5
1413400401
Convert -16b6c (base 13) to base 11.
-2a910
Convert 1151254 (base 8) to base 15.
639bb
Convert 17059 (base 15) to base 3.
10202222010
What is 10010111000101 (base 2) in base 10?
9669
-a8ae (base 16) to base 10
-43182
Convert 1323435 (base 6) to base 15.
16b2b
-1a398b (base 16) to base 5
-414444132
-1266162 (base 9) to base 5
-134142131
Convert 14152420 (base 6) to base 14.
c7620
Convert 983675 (base 13) to base 14.
691c30
Convert 186b157 (base 15) to base 9.
36450311
What is 2310006 (base 8) in base 9?
1154586
Convert -265040 (base 10) to base 7.
-2152466
Convert -3540543 (base 6) to base 5.
-21343424
What is 993378 (base 13) in base 2?
1101110000010101111011
Convert -110001011101100 (base 2) to base 12.
-127a4
What is 322003232 (base 4) in base 13?
8431a
Convert 355406 (base 9) to base 8.
641647
Convert -9537e (base 15) to base 14.
-c46aa
-100000110001101000001100 (base 2) to base 13
-1a1a972
What is -1263065 (base 7) in base 11?
-104307
10120201120210 (base 3) to base 15
279180
What is 1444043432 (base 5) in base 15?
51d9e7
What is 232143 (base 8) in base 10?
78947
What is 13303322 (base 4) in base 8?
76372
Convert -30333021 (base 4) to base 11.
-36a68
What is -1a75a4 (base 13) in base 12?
-285751
-120201003100 (base 4) to base 10
-6426832
What is -600027 (base 14) in base 16?
-313d63
What is 1295399 (base 13) in base 2?
10110010001010011101110
Convert 215501 (base 6) to base 8.
43275
Convert 609ba (base 13) to base 7.
1320330
Convert 9157b0 (base 12) to base 7.
25203042
Convert -26111 (base 12) to base 7.
-304411
Convert 1100111100010100 (base 2) to base 3.
2200201102
What is 766362 (base 9) in base 15?
907c2
Convert -126115 (base 9) to base 6.
-1350452
7a717a2 (base 11) to base 13
2c032b8
-24534 (base 16) to base 4
-210110310
-30a22 (base 11) to base 12
-22171
Convert 62694 (base 11) to base 7.
530201
What is 33e08 (base 15) in base 16?
28526
What is -12002122121 (base 3) in base 8?
-303774
668143 (base 13) to base 6
123445244
Convert -46316 (base 10) to base 16.
-b4ec
What is -12b81b8 (base 12) in base 16?
-38da1c
What is -3663 (base 15) in base 7?
-45504
11111112011 (base 3) to base 11
60618
What is -50140 (base 15) in base 5?
-31102120
What is -12a1a40 (base 11) in base 16?
-223862
What is 432410232 (base 5) in base 10?
1841317
What is 376028 (base 14) in base 13?
516400
What is 4ac00 (base 15) in base 13?
849ba
What is 463343 (base 7) in base 12?
3bb35
What is -1110100010001111011 (base 2) in base 6?
-14113003
Convert 270a9 (base 13) to base 5.
4311030
What is 515811 (base 12) in base 8?
4671515
22202200101 (base 3) to base 12
83a24
4a6d71 (base 14) to base 11
1495314
-328515 (base 9) to base 10
-196520
What is -11511200 (base 7) in base 3?
-1221020020122
Convert -1656151 (base 9) to base 2.
-11100001010110100001
What is -7a10 (base 14) in base 2?
-101001010111110
What is -10001001010110000010 (base 2) in base 15?
-b1a42
What is -31407217 (base 8) in base 12?
-22a6727
What is 13202212032 (base 4) in base 15?
290a63
What is -14052302 (base 8) in base 14?
-5c644a
61957 (base 10) to base 9
103881
-47580 (base 13) to base 5
-13134242
What is -22222312322 (base 4) in base 8?
-12526672
-11011101001101110100 (base 2) to base 10
-906100
What is -49991 (base 11) in base 3?
-10122101202
Convert 321210131 (base 4) to base 8.
714435
Convert 15875 (base 15) to base 12.
34202
Convert 2200556 (base 7) to base 9.
450238
116a01a (base 12) to base 11
19a6927
What is -3031130131 (base 4) in base 11?
-525261
-10202002020 (base 3) to base 6
-1325053
-1340413 (base 6) to base 9
-124280
What is -17867 (base 12) in base 6?
-421411
Convert 3a5c70 (base 15) to base 13.
772407
6b956c (base 14) to base 9
6821487
Convert 1373448 (base 9) to base 7.
6302126
What is -20324230 (base 7) in base 3?
-10012120011201
Convert -102315 (base 10) to base 4.
-120332223
What is -155565 (base 7) in base 4?
-13201203
What is -221022100201 (base 3) in base 4?
-1321213321
Convert -37977 (base 12) to base 13.
-285b5
1000000000010010 (base 2) to base 15
9aab
-1272a5 (base 15) to base 14
-19067d
Convert 351589 (base 11) to base 3.
1001100222011
Convert 35452322 (base 6) to base 9.
2073275
-1d8b46 (base 14) to base 12
-4322a2
Convert -bbba91 (base 14) to base 3.
-102222200020200
220321323230 (base 4) to base 3
202011210021002
144444134 (base 5) to base 11
4939a4
Convert 596607 (base 10) to base 3.
1010022101120
-35ca (base 13) to base 7
-31110
What is -42230232 (base 5) in base 13?
-c4266
2211010000011 (base 3) to base 16
16dbf3
Convert 461823 (base 12) to base 14.
2131b5
What is -ad75aa (base 14) in base 5?
-3002213421
What is 10110011110111010001010 (base 2) in base 3?
102002102201210
26252301 (base 8) to base 10
5854401
What is 1001011001100111000011 (base 2) in base 8?
11314703
What is -32a5 (base 16) in base 7?
-52541
What is -20221222000 (base 3) in base 11?
-93a49
-100011010011100001001111 (base 2) to base 12
-3123a93
Convert a725aa (base 14) to base 9.
11566456
What is -2d18d3 (base 14) in base 12?
-642115
Convert -1404433 (base 6) to base 13.
-29b29
-20010110222 (base 3) to base 2
-11101011100111011
Convert -309b04 (base 12) to base 16.
-ba6f4
35131010 (base 8) to base 4
131023020020
-61de9 (base 15) to base 4
-1023233331
Convert -2453013 (base 6) to base 16.
-201e1
Convert -144267 (base 10) to base 6.
-3031523
What is -1a36d7a (base 14) in base 4?
-301300013200
Convert -324043 (base 7) to base 15.
-11ba1
88da08 (base 15) to base 2
11000111001010010110101
What is db139 (base 14) in base 3?
222220210200
-664988 (base 11) to base 16
-102f35
-12025000 (base 6) to base 13
-10273b
What is 60365362 (base 8) in base 10?
12708594
-3143300 (base 5) to base 12
-26786
What is 6c952 (base 16) in base 11?
284172
What is 2202010222 (base 3) in base 16?
d325
What is 413bb (base 13) in base 9?
187563
What is -1462261 (base 8) in base 4?
-1212102301
-45517276 (base 8) to base 13
-2077c68
What is 10201210000 (base 3) in base 11?
50219
Convert 100011011110 (base 3) to base 9.
304143
156b3a (base 12) to base 9
615011
What is -848c (base 15) in base 9?
-42406
What is -11514442 (base 6) in base 13?
-cb546
What is 1001110021202 (base 3) in base 7?
4521614
Convert 11101111000110011101 (base 2) to base 11.
609895
What is 411b7 (base 12) in base 4?
110233123
444203330 (base 5) to base 13
530c30
-3030344 (base 7) to base 13
-c8018
-256141 (base 9) to base 11
-a6829
-e23736 (base 15) to base 6
-1022141523
What is 3c0a9c (base 14) in base 6?
112301414
What is 112160161 (base 7) in base 5?
3223324242
Convert 1100000000100011111101 (base 2) to base 8.
14004375
13420262 (base 8) to base 7
34460326
Convert -1340003311 (base 5) to base 7.
-41136124
Convert 997591 (base 11) to base 16.
1847d2
What is 111100111100011000010001 (base 2) in base 5?
13042212303
-101002200101110 (base 3) to base 13
-115bc60
-6492203 (base 10) to base 16
-63102b
Convert 46a632 (base 11) to base 3.
1101220111010
Convert -c767a (base 16) to base 4.
-3013121322
-2147466 (base 9) to base 4
-10121221332
-1220101043 (base 5) to base 14
-5548b0
Convert -52303533 (base 6) to base 4.
-11302121301
Convert 11322122220 (base 4) to base 11.
969594
What is e44cf (base 16) in base 12?
3911a7
What is -3624157 (base 8) in base 2?
-11110010100001101111
98b52 (base 13) to base 12
11405b
1ee07 (base 15) to base 16
18aa8
43910 (base 10) to base 6
535142
Convert 61b99f (base 16) to base 7.
105303021
Convert 1032434304 (base 5) to base 15.
2e1c89
Convert -210130334 (base 5) to base 15.
-121214
Convert 2100111000122 (base 3) to base 13.
349982
3aa979 (base 11) to base 13
1971c2
Convert -221000001102202 (base 3) to base 6.
-